967 a composite number?
False
Is 55579 a composite number?
False
Is 133013 a prime number?
True
Is 25663 a composite number?
True
Is 14809 a composite number?
True
Is 15833 prime?
False
Is 6074 prime?
False
Is 506623 a composite number?
True
Is 1659985 a composite number?
True
Is 20431 composite?
False
Is 177153 prime?
False
Is 34351 prime?
True
Is 7477 prime?
True
Is 12869 prime?
False
Is 9091 a prime number?
True
Is 61627 prime?
True
Is 1067 a prime number?
False
Is 647579 a prime number?
True
Is 3019 a composite number?
False
Is 547271 a prime number?
True
Is 55073 prime?
True
Is 729093 a prime number?
False
Is 59317 a composite number?
True
Is 211111 prime?
False
Is 116411 composite?
False
Is 28586 a prime number?
False
Is 1051241 prime?
False
Is 75397 prime?
False
Is 10694 a composite number?
True
Is 45863 a prime number?
True
Is 41333 a composite number?
False
Is 816923 prime?
False
Is 185 a composite number?
True
Is 676337 a prime number?
True
Is 119027 a prime number?
True
Is 14371 composite?
True
Is 487 composite?
False
Is 7283 composite?
False
Is 46799 composite?
True
Is 158393 composite?
False
Is 4189 composite?
True
Is 4619 prime?
False
Is 404647 composite?
True
Is 87881 a prime number?
True
Is 34123 composite?
False
Is 19571 a prime number?
True
Is 62993 composite?
True
Is 118 a composite number?
True
Is 442691 composite?
False
Is 2747537 prime?
False
Is 2719 a composite number?
False
Is 348389 composite?
False
Is 23813 composite?
False
Is 21583 composite?
True
Is 30881 a composite number?
False
Is 1249 composite?
False
Is 78266 composite?
True
Is 15959 prime?
True
Is 50753 a composite number?
False
Is 14591 prime?
True
Is 216743 prime?
True
Is 96119 a composite number?
True
Is 71701 a prime number?
False
Is 27073 a composite number?
False
Is 3847 prime?
True
Is 7631 a prime number?
False
Is 61197 a composite number?
True
Is 2017 prime?
True
Is 12499 composite?
True
Is 3787 composite?
True
Is 943 composite?
True
Is 39206 a prime number?
False
Is 95533 prime?
False
Is 44601 a prime number?
False
Is 228721 prime?
False
Is 33851 prime?
True
Is 8263 composite?
False
Is 20611 a prime number?
True
Is 166493 a composite number?
True
Is 587 prime?
True
Is 997877 a composite number?
False
Is 16855 composite?
True
Is 252391 a prime number?
True
Is 8674069 prime?
True
Is 7711 composite?
True
Is 17551 composite?
False
Is 41253 a prime number?
False
Is 2583979 a composite number?
False
Is 503707 prime?
True
Is 277159 prime?
False
Is 246733 prime?
False
Is 28415 a prime number?
False
Is 512207 a prime number?
True
Is 12889 a prime number?
True
Is 19157 a prime number?
True
Is 58471 prime?
False
Is 42641 a prime number?
True
Is 3959 composite?
True
Is 1299377 composite?
False
Is 28117 prime?
False
Is 79573 composite?
True
Is 113303 composite?
True
Is 991027 prime?
True
Is 10929 a prime number?
False
Is 748331 prime?
True
Is 319546 a composite number?
True
Is 263135 a composite number?
True
Is 31285 composite?
True
Is 172259 prime?
True
Is 25429 composite?
True
Is 189419 a composite number?
True
Is 430259 prime?
True
Is 102218 a composite number?
True
Is 73009 a prime number?
True
Is 47555 prime?
False
Is 717581 a composite number?
False
Is 5675801 prime?
True
Is 2736319 prime?
False
Is 40973 prime?
True
Is 53 composite?
False
Is 494531 a prime number?
False
Is 565133 composite?
True
Is 139681 a prime number?
True
Is 298 composite?
True
Is 2759 prime?
False
Is 89041 a prime number?
True
Is 11093 prime?
True
Is 455093 a prime number?
True
Is 5509 composite?
True
Is 65479 prime?
True
Is 437771 a composite number?
False
Is 1046161 prime?
False
Is 3163 prime?
True
Is 14471 prime?
False
Is 201529 composite?
True
Is 39451 prime?
True
Is 4847 a composite number?
True
Is 2039 prime?
True
Is 13021 composite?
True
Is 83969 a prime number?
True
Is 4783447 prime?
True
Is 1400449 a composite number?
False
Is 581186 a composite number?
True
Is 286733 a prime number?
True
Is 12133 a composite number?
True
Is 362629 prime?
True
Is 59333 prime?
True
Is 2797 a prime number?
True
Is 1861 composite?
False
Is 11959 a prime number?
True
Is 10039 a composite number?
False
Is 20507 a prime number?
True
Is 275803 prime?
False
Is 34121 a prime number?
False
Is 455003 prime?
True
Is 112459 a prime number?
True
Is 6809 a prime number?
False
Is 39953 a prime number?
True
Is 2657 prime?
True
Is 1794517 a prime number?
True
Is 1721921 composite?
False
Is 10361 composite?
True
Is 19009 a composite number?
False
Is 3299 a prime number?
True
Is 105709 prime?
False
Is 29657 prime?
False
Is 4621 a prime number?
True
Is 86627 composite?
False
Is 5965 prime?
False
Is 265 composite?
True
Is 19267 prime?
True
Is 123807 composite?
True
Is 2615 a composite number?
True
Is 11959 composite?
False
Is 2767579 a prime number?
True
Is 24593 a prime number?
True
Is 1699591 composite?
True
Is 508619 prime?
True
Is 148891 a composite number?
False
Is 587 a composite number?
False
Is 437691 composite?
True
Is 7071499 composite?
False
Is 413951 a prime number?
True
Is 14339 prime?
False
Is 17861 a composite number?
True
Is 4699 a composite number?
True
Is 60209 prime?
True
Is 194 a composite number?
True
Is 5219 a prime number?
False
Is 10759801 a prime number?
False
Is 18623 composite?
True
Is 334093 a composite number?
False
Is 136033 prime?
True
Is 94678 a composite number?
True
Is 201309 prime?
False
Is 46619 prime?
True
Is 1689047 composite?
True
Is 16177 a prime number?
False
Is 1871 prime?
True
Is 1720693 prime?
False
Is 523793 a composite number?
False
Is 4593 a composite number?
True
Is 50419 composite?
True
Is 9923 a prime number?
True
Is 16591 prime?
False
Is 324877 composite?
True
Is 16057 a prime number?
True
Is 123169 a composite number?
False
Is 5337209 a prime number?
True
Is 234167 prime?
True
Is 2962501 a composite number?
False
Is 12451 a prime number?
True
Is 28151 a composite number?
False
Is 7321 composite?
False
Is 2449 prime?
False
Is 326335 composite?
True
Is 242843 a prime number?
False
Is 105319 composite?
False
Is 30166 composite?
True
Is 46709 a composite number?
True
Is 157 a prime number?
True
Is 87981 a composite number?
True
Is 19661 a prime number?
True
Is 14591 a composite number?
False
Is 5903 a prime number?
True
Is 2203 prime?
True
Is 226669 composite?
False
Is 34413 a prime number?
False
Is 6389 composite?
False
Is 52081 a prime number?
True
Is 2819 a composite number?
False
Is 1343339 prime?
False
Is 5899 composite?
True
Is 366161 a prime number?
True
Is 319633 a composite number?
True
Is 92297 composite?
False
Is 1564643 a composite number?
False
Is 100138 a prime number?
False
Is 63197 a prime number?
True
Is 50207 composite?
False
Is 46889 composite?
False
Is 7121 a composite number?
False
Is 93461 a prime number?
False
Is 36041 prime?
False
Is 5077 a prime number?
True
Is 183451 composite?
False
Is 1393883 prime?
True
Is 1068761 composite?
False
Is 166013 a composite number?
False
Is 15511 a prime number?
True
Is 262149 a prime number?
False
Is 20557 prime?
False
Is 105503 prime?
True
Is 39293 prime?
True
Is 15683 prime?
True
Is 216421 composite?
False
Is 15013 prime?
True
Is 7613 prime?
False
Is 115183 prime?
True
Is 146437 composite?
False
Is 10519 a prime number?
False
Is 7349 a prime number?
True
Is 12133 composite?
True
Is 125519 a prime number?
False
Is 17413 composite?
True
Is 1076919 a prime number?
False
Is 51089 prime?
False
Is 10529 prime?
True
Is 25001 a composite number?
True
Is 64997 composite?
False
Is 38431 a composite number?
False
Is 364897 a composite number?
True
Is 13043 prime?
True
Is 31511 a composite number?
False
Is 1733 prime?
True
Is 715151 a composite number?
False
Is 5581 a composite number?
False
Is 1011 composite?
True
Is 9917 a prime number?
False
Is 17249 a composite number?
True
Is 15943 composite?
True
Is 1287266 a composite number?
True
Is 31991 composite?
False
Is 18429 a prime number?
False
Is 1002797 prime?
True
Is 407429 a prime number?
False
Is 7897 a prime number?
False
Is 55441 composite?
False
Is 36349 prime?
False
Is 6673 prime?
True
Is 6450211 a prime number?
True
Is 2884471 composite?
False
Is 1145 a composite number?
True
Is 919901 a composite number?
False
Is 680677 prime?
False
Is 1103087 composite?
F